atest common factor of 1792 and 88.
8
What is the greatest common divisor of 20999 and 83?
83
Calculate the greatest common divisor of 154 and 11.
11
What is the highest common factor of 2046 and 66?
66
Calculate the greatest common factor of 84 and 492.
12
Calculate the highest common factor of 308 and 748.
44
What is the highest common factor of 1045 and 25?
5
What is the highest common divisor of 40 and 95?
5
What is the highest common factor of 7634 and 110?
22
Calculate the highest common factor of 18923 and 127.
127
What is the highest common factor of 854 and 14?
14
Calculate the highest common factor of 567 and 14.
7
What is the highest common factor of 55 and 913?
11
What is the highest common divisor of 2 and 97?
1
Calculate the highest common factor of 104112 and 216.
216
What is the greatest common factor of 13 and 1573?
13
Calculate the greatest common divisor of 88 and 935.
11
What is the greatest common divisor of 18 and 3789?
9
What is the greatest common factor of 42 and 222?
6
Calculate the greatest common divisor of 25 and 5825.
25
Calculate the highest common factor of 14 and 11830.
14
What is the highest common factor of 15 and 65?
5
Calculate the greatest common divisor of 26059 and 253.
253
What is the greatest common divisor of 385 and 352?
11
What is the highest common divisor of 66 and 10?
2
What is the greatest common factor of 135 and 459?
27
What is the highest common factor of 19745 and 110?
55
What is the highest common factor of 24 and 24?
24
Calculate the highest common divisor of 584 and 73.
73
Calculate the greatest common factor of 38 and 95.
19
What is the greatest common divisor of 561 and 33?
33
Calculate the highest common divisor of 80 and 3664.
16
What is the highest common divisor of 1 and 512?
1
Calculate the greatest common factor of 32 and 16.
16
What is the highest common factor of 23 and 3151?
23
Calculate the highest common factor of 655 and 524.
131
Calculate the highest common factor of 1982 and 2.
2
Calculate the greatest common factor of 23 and 575.
23
Calculate the greatest common factor of 738 and 164.
82
Calculate the greatest common factor of 551 and 133.
19
What is the highest common divisor of 10 and 25?
5
What is the highest common factor of 20 and 11010?
10
Calculate the highest common divisor of 140 and 170.
10
What is the highest common factor of 1736 and 93?
31
Calculate the highest common divisor of 32 and 14336.
32
What is the highest common divisor of 12 and 60?
12
What is the greatest common factor of 4387 and 107?
107
What is the highest common divisor of 2662 and 22?
22
What is the highest common factor of 2154 and 6?
6
What is the highest common divisor of 33 and 5907?
33
Calculate the highest common factor of 48 and 400.
16
Calculate the greatest common divisor of 84 and 546.
42
What is the highest common divisor of 48 and 192?
48
Calculate the greatest common factor of 918 and 408.
102
What is the highest common divisor of 2025 and 3483?
81
What is the greatest common divisor of 201 and 871?
67
What is the greatest common divisor of 162 and 270?
54
Calculate the greatest common factor of 9 and 2763.
9
Calculate the greatest common factor of 22075 and 25.
25
Calculate the greatest common factor of 66 and 6.
6
Calculate the greatest common factor of 29 and 29.
29
Calculate the greatest common divisor of 10 and 20.
10
Calculate the highest common factor of 121 and 99.
11
Calculate the highest common factor of 48 and 228.
12
What is the highest common divisor of 28 and 819?
7
Calculate the highest common divisor of 35 and 420.
35
Calculate the highest common factor of 69 and 713.
23
What is the greatest common divisor of 170 and 34?
34
Calculate the greatest common factor of 704 and 264.
88
Calculate the greatest common divisor of 209 and 77.
11
Calculate the highest common divisor of 14 and 182.
14
Calculate the greatest common factor of 1692 and 96.
12
What is the greatest common divisor of 72 and 252?
36
What is the greatest common factor of 18 and 21?
3
What is the highest common factor of 174 and 6?
6
Calculate the highest common factor of 1265 and 5.
5
Calculate the highest common factor of 2847 and 78.
39
What is the highest common factor of 30 and 5286?
6
Calculate the highest common factor of 501 and 24.
3
What is the greatest common divisor of 104 and 78?
26
Calculate the highest common factor of 320 and 40.
40
What is the greatest common factor of 2190 and 33?
3
What is the greatest common factor of 24 and 1416?
24
Calculate the greatest common factor of 46 and 2461.
23
Calculate the highest common divisor of 76 and 8284.
76
What is the greatest common factor of 55 and 1485?
55
What is the greatest common factor of 656 and 4?
4
What is the highest common divisor of 24 and 612?
12
Calculate the highest common divisor of 94 and 2.
2
What is the greatest common divisor of 2 and 1278?
2
What is the highest common factor of 48 and 44?
4
What is the highest common divisor of 40 and 940?
20
Calculate the highest common divisor of 162 and 288.
18
What is the greatest common divisor of 475 and 100?
25
Calculate the greatest common divisor of 8 and 616.
8
What is the highest common factor of 304 and 176?
16
What is the highest common divisor of 225 and 9?
9
Calculate the greatest common factor of 54 and 26.
2
What is the highest common factor of 129 and 602?
43
Calculate the greatest common divisor of 41 and 1107.
41
What is the greatest common factor of 116 and 40?
4
Calculate the greatest common divisor of 576 and 792.
72
What is the greatest common factor of 241 and 241?
241
Calculate the greatest common factor of 244 and 122.
122
Calculate the highest common divisor of 603 and 315.
9
Calculate the greatest common factor of 9 and 47349.
9
What is the highest common factor of 824 and 64?
8
Calculate the highest common divisor of 156 and 228.
12
Calculate the greatest common divisor of 210 and 30.
30
What is the greatest common factor of 2117 and 261?
29
Calculate the greatest common divisor of 5 and 4.
1
What is the greatest common divisor of 3534 and 30?
6
What is the greatest common divisor of 23690 and 206?
206
Calculate the greatest common factor of 513 and 27.
27
What is the greatest common divisor of 330 and 4710?
30
What is the greatest common divisor of 183 and 244?
61
Calculate the highest common divisor of 1494 and 1826.
166
What is the greatest common factor of 99 and 9?
9
Calculate the greatest common factor of 90 and 3585.
15
Calculate the highest common factor of 462 and 44.
22
Calculate the highest common factor of 7788 and 132.
132
What is the greatest common divisor of 24 and 5136?
24
Calculate the highest common factor of 6314 and 462.
154
Calculate the greatest common divisor of 48 and 120.
24
What is the greatest common divisor of 558 and 144?
18
Calculate the highest common divisor of 108 and 30240.
108
Calculate the greatest common divisor of 34 and 22202.
34
What is the highest common divisor of 175 and 7?
7
Calculate the greatest common factor of 7833 and 21.
21
Calculate the greatest common factor of 3 and 189.
3
What is the highest common factor of 608 and 38?
38
Calculate the highest common divisor of 498 and 36.
6
What is the greatest common factor of 17654 and 52?
26
Calculate the highest common divisor of 420 and 777.
21
What is the highest common factor of 492 and 12?
12
Calculate the highest common divisor of 132 and 12.
12
Calculate the highest common divisor of 589 and 62.
31
Calculate the highest common factor of 231 and 33.
33
What is the greatest common divisor of 3616 and 800?
32
Calculate the highest common divisor of 1518 and 161.
23
What is the greatest common divisor of 3744 and 27?
9
What is the highest common divisor of 30 and 375?
15
What is the highest common divisor of 22 and 224?
2
What is the highest common divisor of 493 and 136?
17
Calculate the highest common divisor of 3 and 1.
1
What is the highest common factor of 200 and 320?
40
Calculate the greatest common divisor of 43 and 817.
43
What is the highest common divisor of 204 and 96?
12
What is the highest common divisor of 2360 and 440?
40
What is the highest common divisor of 888 and 48?
24
What is the highest common divisor of 7 and 4?
1
Calculate the highest c